{"id":21557,"date":"2023-06-22T19:45:29","date_gmt":"2023-06-23T00:45:29","guid":{"rendered":"https:\/\/especiales.publimetro.co\/famisanar\/?page_id=21557"},"modified":"2023-06-28T16:38:13","modified_gmt":"2023-06-28T21:38:13","slug":"home-default","status":"publish","type":"page","link":"https:\/\/especiales.publimetro.co\/famisanar\/","title":{"rendered":"Home Default"},"content":{"rendered":"<p>[vc_row row_type=&#8221;row&#8221; use_row_as_full_screen_section=&#8221;no&#8221; type=&#8221;full_width&#8221; text_align=&#8221;center&#8221; background_animation=&#8221;none&#8221; css_animation=&#8221;&#8221; background_color=&#8221;#f5f5f5&#8243; el_class=&#8221;slider_top&#8221;][vc_column][vc_raw_html]JTNDaW1nJTIwc3JjJTNEJTIyaHR0cHMlM0ElMkYlMkZlc3BlY2lhbGVzLnB1YmxpbWV0cm8uY28lMkZmYW1pc2FuYXIlMkZ3cC1jb250ZW50JTJGdXBsb2FkcyUyRjIwMjMlMkYwNiUyRmltZ19naXJhcl8wMi5wbmclMjIlMjBhbHQlM0QlMjJGYW1pc2FuYXIlMjIlMjB3aWR0aCUzRCUyMjEzOCUyMiUyMGhlaWdodCUzRCUyMjE1MCUyMiUyMGNsYXNzJTNEJTIyb2JqZXRvMSUyMiUzRSUwQSUzQ2ltZyUyMHNyYyUzRCUyMmh0dHBzJTNBJTJGJTJGZXNwZWNpYWxlcy5wdWJsaW1ldHJvLmNvJTJGZmFtaXNhbmFyJTJGd3AtY29udGVudCUyRnVwbG9hZHMlMkYyMDIzJTJGMDYlMkZpbWdfZ2lyYXJfMDEucG5nJTIyJTIwYWx0JTNEJTIyRmFtaXNhbmFyJTIyJTIwd2lkdGglM0QlMjIxMzclMjIlMjBoZWlnaHQlM0QlMjIxMzclMjIlMjBjbGFzcyUzRCUyMm9iamV0bzIlMjIlM0U=[\/vc_raw_html][vc_row_inner row_type=&#8221;row&#8221; type=&#8221;grid&#8221; use_row_as_full_screen_section_slide=&#8221;no&#8221; text_align=&#8221;left&#8221; padding_top=&#8221;0&#8243; css_animation=&#8221;&#8221;][vc_column_inner][vc_column_text el_class=&#8221;subtitulo_sitio&#8221;]<\/p>\n<p style=\"text-align: center;\">NUEVO<\/p>\n<p>[\/vc_column_text][vc_text_separator title=&#8221;Lo \u00faltimo en <strong>Famisanar<\/strong>&#8221; css_animation=&#8221;none&#8221; border_color=&#8221;#127abc&#8221; background_color=&#8221;#cdddec&#8221; title_color=&#8221;#002d74&#8243;][\/vc_column_inner][\/vc_row_inner][vc_row_inner row_type=&#8221;row&#8221; type=&#8221;grid&#8221; use_row_as_full_screen_section_slide=&#8221;no&#8221; text_align=&#8221;left&#8221; padding_top=&#8221;60&#8243; css_animation=&#8221;&#8221; el_class=&#8221;ultimo_contenido&#8221;][vc_column_inner]<div class=\"qode-image-with-overlapping-info\">\n\t\t<div class=\"qode-iwoi-image-holder\">\n\t\t<img decoding=\"async\" src=\"https:\/\/especiales.publimetro.co\/famisanar\/wp-content\/uploads\/2023\/06\/stage_vacunacion_v02.png\" alt=\"Vacunas al d\u00eda, sonrisa asegurada\" \/>\n\t<\/div>\n\t\t<div class=\"qode-iwoi-info-holder\">\n\t\t\t<h3 class=\"qode-iwoi-title\">\n\t\t\t\tVacunas al d\u00eda, sonrisa asegurada\t\t\t<\/h3>\n\t\t\t\t\t\t\t<p class = \"qode-iwoi-text\"> Tener el esquema de vacunaci\u00f3n al d\u00eda es importante para tu salud y la de todos. Las vacunas no solo te protegen contra muchas enfermedades, tambi\u00e9n te ayudan a vivir tranquilamente.<\/p>\n\t\t\t\t\t\t<a href=\"https:\/\/especiales.publimetro.co\/famisanar-vacunacion\/\" target=\"_blank\"  class=\"qbutton  qode-iwoi-link\" style=\"\">Ver m\u00e1s<\/a>\t<\/div>\n<\/div>[\/vc_column_inner][\/vc_row_inner][vc_separator type=&#8221;transparent&#8221; border_style=&#8221;&#8221; up=&#8221;70&#8243; down=&#8221;0&#8243;][\/vc_column][\/vc_row][vc_row row_type=&#8221;row&#8221; use_row_as_full_screen_section=&#8221;no&#8221; type=&#8221;full_width&#8221; text_align=&#8221;center&#8221; background_animation=&#8221;none&#8221; css_animation=&#8221;&#8221; background_color=&#8221;#ffffff&#8221; el_class=&#8221;contenido_all&#8221;][vc_column][vc_row_inner row_type=&#8221;row&#8221; type=&#8221;grid&#8221; use_row_as_full_screen_section_slide=&#8221;no&#8221; text_align=&#8221;left&#8221; css_animation=&#8221;&#8221;][vc_column_inner][vc_separator type=&#8221;transparent&#8221; border_style=&#8221;&#8221; up=&#8221;70&#8243; down=&#8221;0&#8243;][vc_column_text el_class=&#8221;subtitulo_sitio&#8221;]<\/p>\n<p style=\"text-align: center;\">CONTENIDO<\/p>\n<p>[\/vc_column_text][vc_text_separator title=&#8221;Inf\u00f3rmate con <strong>Famisanar<\/strong>&#8221; css_animation=&#8221;none&#8221; border_color=&#8221;#127abc&#8221; background_color=&#8221;#ffffff&#8221; title_color=&#8221;#002d74&#8243;][\/vc_column_inner][\/vc_row_inner][vc_row_inner row_type=&#8221;row&#8221; type=&#8221;grid&#8221; use_row_as_full_screen_section_slide=&#8221;no&#8221; text_align=&#8221;left&#8221; padding_top=&#8221;20&#8243; css_animation=&#8221;&#8221; css=&#8221;.vc_custom_1687553711783{margin-top: 30px !important;background-position: 0 0 !important;background-repeat: no-repeat !important;}&#8221; el_class=&#8221;todo_contenido&#8221;][vc_column_inner width=&#8221;1\/3&#8243; css=&#8221;.vc_custom_1687553031164{margin-top: 30px !important;}&#8221;][vc_single_image image=&#8221;21623&#8243; img_size=&#8221;full&#8221; alignment=&#8221;right&#8221; onclick=&#8221;custom_link&#8221; img_link_target=&#8221;_blank&#8221; qode_css_animation=&#8221;&#8221; link=&#8221;https:\/\/especiales.publimetro.co\/famisanar-desnutricion\/&#8221;][vc_column_text]<\/p>\n<h3>\u00bfQu\u00e9 es la desnutrici\u00f3n infantil?<\/h3>\n<p>Conoce las se\u00f1ales de la desnutrici\u00f3n infantil. Los menores que no tienen una adecuada alimentaci\u00f3n pueden presentar crecimiento lento.[\/vc_column_text]<a href=\"https:\/\/especiales.publimetro.co\/famisanar-desnutricion\/\" target=\"_blank\" data-hover-background-color=#ffffff data-hover-border-color=#002d74 data-hover-color=#002d74 class=\"qbutton \" style=\"border-color: #127abc; font-style: normal; border-radius: 50px;-moz-border-radius: 50px;-webkit-border-radius: 50px; background-color: #127abc;\">Ver m\u00e1s<\/a>[\/vc_column_inner][vc_column_inner width=&#8221;1\/3&#8243; css=&#8221;.vc_custom_1687553039422{margin-top: 30px !important;}&#8221;][vc_single_image image=&#8221;21786&#8243; img_size=&#8221;full&#8221; alignment=&#8221;right&#8221; onclick=&#8221;custom_link&#8221; img_link_target=&#8221;_blank&#8221; qode_css_animation=&#8221;&#8221; link=&#8221;https:\/\/especiales.publimetro.co\/famisanar-infeccion-respiratoria-aguda\/&#8221;][vc_column_text]<\/p>\n<h3>Infecci\u00f3n respiratoria aguda<\/h3>\n<p>Estamos en temporada alta de infecciones respiratorias agudas, enfermedades en el aparato respiratorio causadas por virus y bacterias. \u00bfC\u00f3mo identificarlas?[\/vc_column_text]<a href=\"https:\/\/especiales.publimetro.co\/famisanar-infeccion-respiratoria-aguda\/\" target=\"_blank\" data-hover-background-color=#ffffff data-hover-border-color=#002d74 data-hover-color=#002d74 class=\"qbutton \" style=\"border-color: #127abc; font-style: normal; border-radius: 50px;-moz-border-radius: 50px;-webkit-border-radius: 50px; background-color: #127abc;\">Ver m\u00e1s<\/a>[\/vc_column_inner][vc_column_inner width=&#8221;1\/3&#8243; css=&#8221;.vc_custom_1687553127196{margin-top: 30px !important;}&#8221;][vc_single_image image=&#8221;21788&#8243; img_size=&#8221;full&#8221; alignment=&#8221;right&#8221; onclick=&#8221;custom_link&#8221; img_link_target=&#8221;_blank&#8221; qode_css_animation=&#8221;&#8221; link=&#8221;https:\/\/especiales.publimetro.co\/famisanar-obesidad\/&#8221;][vc_column_text]<\/p>\n<h3>\u00a1Que no te pese cuidarte!<\/h3>\n<p>Calcula el \u00cdndice de Masa Corporal (IMC), un m\u00e9todo de evaluaci\u00f3n f\u00e1cil para conocer la categor\u00eda de tu peso.[\/vc_column_text]<a href=\"https:\/\/especiales.publimetro.co\/famisanar-obesidad\/\" target=\"_blank\" data-hover-background-color=#ffffff data-hover-border-color=#002d74 data-hover-color=#002d74 class=\"qbutton \" style=\"border-color: #127abc; font-style: normal; border-radius: 50px;-moz-border-radius: 50px;-webkit-border-radius: 50px; background-color: #127abc;\">Ver m\u00e1s<\/a>[\/vc_column_inner][\/vc_row_inner][vc_separator type=&#8221;transparent&#8221; border_style=&#8221;&#8221; up=&#8221;100&#8243; down=&#8221;0&#8243;][\/vc_column][\/vc_row][vc_row row_type=&#8221;parallax&#8221; text_align=&#8221;center&#8221; background_image=&#8221;21604&#8243; full_screen_section_height=&#8221;no&#8221;][vc_column][vc_raw_html]JTNDaW1nJTIwc3JjJTNEJTIyaHR0cHMlM0ElMkYlMkZlc3BlY2lhbGVzLnB1YmxpbWV0cm8uY28lMkZmYW1pc2FuYXIlMkZ3cC1jb250ZW50JTJGdXBsb2FkcyUyRjIwMjMlMkYwNiUyRmltZ19naXJhcl8wMy5wbmclMjIlMjBhbHQlM0QlMjJGYW1pc2FuYXIlMjIlMjB3aWR0aCUzRCUyMjExMiUyMiUyMGhlaWdodCUzRCUyMjExMSUyMiUyMGNsYXNzJTNEJTIyb2JqZXRvMyUyMiUzRSUwQQ==[\/vc_raw_html][vc_row_inner row_type=&#8221;row&#8221; type=&#8221;grid&#8221; use_row_as_full_screen_section_slide=&#8221;no&#8221; text_align=&#8221;left&#8221; padding_top=&#8221;60&#8243; css_animation=&#8221;&#8221; css=&#8221;.vc_custom_1687538031063{background-position: 0 0 !important;background-repeat: no-repeat !important;}&#8221;][vc_column_inner][vc_column_text el_class=&#8221;subtitulo_sitio&#8221;]<\/p>\n<p style=\"text-align: center;\">VIDEOS<\/p>\n<p>[\/vc_column_text][vc_text_separator title=&#8221;Conoce m\u00e1s de <strong>Famisanar<\/strong>&#8221; css_animation=&#8221;none&#8221; border_color=&#8221;#127abc&#8221; background_color=&#8221;#ebebeb&#8221; title_color=&#8221;#002d74&#8243;][\/vc_column_inner][\/vc_row_inner][vc_row_inner row_type=&#8221;row&#8221; type=&#8221;grid&#8221; use_row_as_full_screen_section_slide=&#8221;no&#8221; text_align=&#8221;left&#8221; padding_top=&#8221;40&#8243; css_animation=&#8221;&#8221; css=&#8221;.vc_custom_1687553685661{background-position: 0 0 !important;background-repeat: no-repeat !important;}&#8221;][vc_column_inner width=&#8221;1\/2&#8243; css=&#8221;.vc_custom_1687553570460{margin-top: 30px !important;}&#8221;][vc_single_image image=&#8221;21645&#8243; img_size=&#8221;full&#8221; alignment=&#8221;center&#8221; onclick=&#8221;zoom&#8221; qode_css_animation=&#8221;&#8221;][\/vc_column_inner][vc_column_inner width=&#8221;1\/2&#8243; css=&#8221;.vc_custom_1687553597786{margin-top: 30px !important;}&#8221;][vc_single_image image=&#8221;21644&#8243; img_size=&#8221;full&#8221; alignment=&#8221;center&#8221; onclick=&#8221;zoom&#8221; qode_css_animation=&#8221;&#8221;][\/vc_column_inner][\/vc_row_inner][vc_separator type=&#8221;transparent&#8221; border_style=&#8221;&#8221; up=&#8221;60&#8243; down=&#8221;0&#8243;][\/vc_column][\/vc_row][vc_row row_type=&#8221;row&#8221; use_row_as_full_screen_section=&#8221;no&#8221; type=&#8221;full_width&#8221; text_align=&#8221;left&#8221; background_animation=&#8221;none&#8221; padding_top=&#8221;40&#8243; padding_bottom=&#8221;40&#8243; css_animation=&#8221;&#8221; background_color=&#8221;#002d74&#8243; el_class=&#8221;footer_externo&#8221;][vc_column][vc_row_inner row_type=&#8221;row&#8221; type=&#8221;grid&#8221; use_row_as_full_screen_section_slide=&#8221;no&#8221; text_align=&#8221;left&#8221; padding_top=&#8221;60&#8243; css_animation=&#8221;&#8221; css=&#8221;.vc_custom_1687536169885{background-position: 0 0 !important;background-repeat: no-repeat !important;}&#8221; el_class=&#8221;footer_interno&#8221;][vc_column_inner][vc_single_image image=&#8221;21574&#8243; img_size=&#8221;full&#8221; alignment=&#8221;center&#8221; onclick=&#8221;custom_link&#8221; img_link_target=&#8221;_blank&#8221; qode_css_animation=&#8221;&#8221; link=&#8221;https:\/\/www.famisanar.com.co\/&#8221;][vc_separator type=&#8221;transparent&#8221; border_style=&#8221;&#8221; up=&#8221;25&#8243; down=&#8221;0&#8243;][vc_column_text]<\/p>\n<p style=\"text-align: center;\">Conoce m\u00e1s sobre salud y bienestar, adem\u00e1s de<br \/>\n<strong>noticias y actualidad sobre nuestra EPS<\/strong><\/p>\n<p>[\/vc_column_text][vc_single_image image=&#8221;21652&#8243; img_size=&#8221;full&#8221; alignment=&#8221;center&#8221; onclick=&#8221;custom_link&#8221; img_link_target=&#8221;_blank&#8221; qode_css_animation=&#8221;&#8221; link=&#8221;https:\/\/www.famisanar.com.co\/&#8221; css=&#8221;.vc_custom_1687557317089{margin-top: 30px !important;}&#8221; el_class=&#8221;boton_final&#8221;][vc_separator type=&#8221;transparent&#8221; border_style=&#8221;&#8221; up=&#8221;40&#8243; down=&#8221;0&#8243;][\/vc_column_inner][\/vc_row_inner][\/vc_column][\/vc_row][vc_row row_type=&#8221;row&#8221; use_row_as_full_screen_section=&#8221;no&#8221; type=&#8221;full_width&#8221; text_align=&#8221;left&#8221; background_animation=&#8221;none&#8221; css_animation=&#8221;&#8221; el_class=&#8221;ocultarmodulo&#8221;][vc_column][vc_row_inner row_type=&#8221;row&#8221; type=&#8221;grid&#8221; use_row_as_full_screen_section_slide=&#8221;no&#8221; text_align=&#8221;left&#8221; padding_top=&#8221;60&#8243; css_animation=&#8221;&#8221; css=&#8221;.vc_custom_1687988183365{background-position: 0 0 !important;background-repeat: no-repeat !important;}&#8221; el_class=&#8221;todo_contenido&#8221;][vc_column_inner width=&#8221;1\/3&#8243; css=&#8221;.vc_custom_1687553051887{margin-top: 30px !important;}&#8221;][vc_single_image image=&#8221;21620&#8243; img_size=&#8221;full&#8221; alignment=&#8221;right&#8221; qode_css_animation=&#8221;&#8221;][vc_column_text]<\/p>\n<h3>Ut elit tellus, luctus nec ullamcorper mattis<\/h3>\n<p>Lorem Ipsum is simply dummy text of the printing and typesetting industry. Sed ut perspiciatis unde omnis iste natus error sit voluptatem accusantium.[\/vc_column_text]<a href=\"\" target=\"_self\" data-hover-background-color=#ffffff data-hover-border-color=#002d74 data-hover-color=#002d74 class=\"qbutton \" style=\"border-color: #189fac; font-style: normal; border-radius: 50px;-moz-border-radius: 50px;-webkit-border-radius: 50px; background-color: #189fac;\">Ver m\u00e1s<\/a>[\/vc_column_inner][vc_column_inner width=&#8221;1\/3&#8243; css=&#8221;.vc_custom_1687553057658{margin-top: 30px !important;}&#8221;][vc_single_image image=&#8221;21619&#8243; img_size=&#8221;full&#8221; alignment=&#8221;right&#8221; qode_css_animation=&#8221;&#8221;][vc_column_text]<\/p>\n<h3>Ut elit tellus, luctus nec ullamcorper mattis<\/h3>\n<p>Lorem Ipsum is simply dummy text of the printing and typesetting industry. Sed ut perspiciatis unde omnis iste natus error sit voluptatem accusantium.[\/vc_column_text]<a href=\"\" target=\"_self\" data-hover-background-color=#ffffff data-hover-border-color=#002d74 data-hover-color=#002d74 class=\"qbutton \" style=\"border-color: #189fac; font-style: normal; border-radius: 50px;-moz-border-radius: 50px;-webkit-border-radius: 50px; background-color: #189fac;\">Ver m\u00e1s<\/a>[\/vc_column_inner][vc_column_inner width=&#8221;1\/3&#8243; css=&#8221;.vc_custom_1687553063711{margin-top: 30px !important;}&#8221;][vc_single_image image=&#8221;21618&#8243; img_size=&#8221;full&#8221; alignment=&#8221;right&#8221; qode_css_animation=&#8221;&#8221;][vc_column_text]<\/p>\n<h3>Ut elit tellus, luctus nec ullamcorper mattis<\/h3>\n<p>Lorem Ipsum is simply dummy text of the printing and typesetting industry. Sed ut perspiciatis unde omnis iste natus error sit voluptatem accusantium.[\/vc_column_text]<a href=\"\" target=\"_self\" data-hover-background-color=#ffffff data-hover-border-color=#002d74 data-hover-color=#002d74 class=\"qbutton \" style=\"border-color: #189fac; font-style: normal; border-radius: 50px;-moz-border-radius: 50px;-webkit-border-radius: 50px; background-color: #189fac;\">Ver m\u00e1s<\/a>[\/vc_column_inner][\/vc_row_inner][\/vc_column][\/vc_row]<\/p>\n","protected":false},"excerpt":{"rendered":"<p>[vc_row row_type=&#8221;row&#8221; use_row_as_full_screen_section=&#8221;no&#8221; type=&#8221;full_width&#8221; text_align=&#8221;center&#8221; background_animation=&#8221;none&#8221; css_animation=&#8221;&#8221; background_color=&#8221;#f5f5f5&#8243; el_class=&#8221;slider_top&#8221;][vc_column][vc_raw_html]JTNDaW1nJTIwc3JjJTNEJTIyaHR0cHMlM0ElMkYlMkZlc3BlY2lhbGVzLnB1YmxpbWV0cm8uY28lMkZmYW1pc2FuYXIlMkZ3cC1jb250ZW50JTJGdXBsb2FkcyUyRjIwMjMlMkYwNiUyRmltZ19naXJhcl8wMi5wbmclMjIlMjBhbHQlM0QlMjJGYW1pc2FuYXIlMjIlMjB3aWR0aCUzRCUyMjEzOCUyMiUyMGhlaWdodCUzRCUyMjE1MCUyMiUyMGNsYXNzJTNEJTIyb2JqZXRvMSUyMiUzRSUwQSUzQ2ltZyUyMHNyYyUzRCUyMmh0dHBzJTNBJTJGJTJGZXNwZWNpYWxlcy5wdWJsaW1ldHJvLmNvJTJGZmFtaXNhbmFyJTJGd3AtY29udGVudCUyRnVwbG9hZHMlMkYyMDIzJTJGMDYlMkZpbWdfZ2lyYXJfMDEucG5nJTIyJTIwYWx0JTNEJTIyRmFtaXNhbmFyJTIyJTIwd2lkdGglM0QlMjIxMzclMjIlMjBoZWlnaHQlM0QlMjIxMzclMjIlMjBjbGFzcyUzRCUyMm9iamV0bzIlMjIlM0U=[\/vc_raw_html][vc_row_inner row_type=&#8221;row&#8221; type=&#8221;grid&#8221; use_row_as_full_screen_section_slide=&#8221;no&#8221; text_align=&#8221;left&#8221; padding_top=&#8221;0&#8243; css_animation=&#8221;&#8221;][vc_column_inner][vc_column_text el_class=&#8221;subtitulo_sitio&#8221;] NUEVO [\/vc_column_text][vc_text_separator title=&#8221;Lo \u00faltimo en Famisanar&#8221; css_animation=&#8221;none&#8221; border_color=&#8221;#127abc&#8221; background_color=&#8221;#cdddec&#8221; title_color=&#8221;#002d74&#8243;][\/vc_column_inner][\/vc_row_inner][vc_row_inner row_type=&#8221;row&#8221; type=&#8221;grid&#8221; use_row_as_full_screen_section_slide=&#8221;no&#8221; text_align=&#8221;left&#8221; padding_top=&#8221;60&#8243; css_animation=&#8221;&#8221; el_class=&#8221;ultimo_contenido&#8221;][vc_column_inner][\/vc_column_inner][\/vc_row_inner][vc_separator type=&#8221;transparent&#8221; border_style=&#8221;&#8221; up=&#8221;70&#8243; down=&#8221;0&#8243;][\/vc_column][\/vc_row][vc_row row_type=&#8221;row&#8221; use_row_as_full_screen_section=&#8221;no&#8221; type=&#8221;full_width&#8221; text_align=&#8221;center&#8221; background_animation=&#8221;none&#8221; css_animation=&#8221;&#8221; background_color=&#8221;#ffffff&#8221; el_class=&#8221;contenido_all&#8221;][vc_column][vc_row_inner&#8230;<\/p>\n","protected":false},"author":1,"featured_media":21583,"parent":0,"menu_order":0,"comment_status":"open","ping_status":"closed","template":"full_width.php","meta":{"inline_featured_image":false,"footnotes":""},"class_list":["post-21557","page","type-page","status-publish","has-post-thumbnail","hentry"],"yoast_head":"<!-- This site is optimized with the Yoast SEO plugin v20.9 - https:\/\/yoast.com\/wordpress\/plugins\/seo\/ -->\n<title>Famisanar<\/title>\n<meta name=\"description\" content=\"\u00a1Somos tu aliado para cada momento! Estar cerca de ti es lo que nos inspira\" \/>\n<meta name=\"robots\" content=\"index, follow, max-snippet:-1, max-image-preview:large, max-video-preview:-1\" \/>\n<link rel=\"canonical\" href=\"https:\/\/especiales.publimetro.co\/famisanar\/\" \/>\n<meta property=\"og:locale\" content=\"es_ES\" \/>\n<meta property=\"og:type\" content=\"article\" \/>\n<meta property=\"og:title\" content=\"Famisanar\" \/>\n<meta property=\"og:description\" content=\"\u00a1Somos tu aliado para cada momento! Estar cerca de ti es lo que nos inspira\" \/>\n<meta property=\"og:url\" content=\"https:\/\/especiales.publimetro.co\/famisanar\/\" \/>\n<meta property=\"og:site_name\" content=\"Famisanar\" \/>\n<meta property=\"article:modified_time\" content=\"2023-06-28T21:38:13+00:00\" \/>\n<meta property=\"og:image\" content=\"https:\/\/especiales.publimetro.co\/famisanar\/wp-content\/uploads\/2023\/06\/bg_redes.jpg\" \/>\n\t<meta property=\"og:image:width\" content=\"540\" \/>\n\t<meta property=\"og:image:height\" content=\"282\" \/>\n\t<meta property=\"og:image:type\" content=\"image\/jpeg\" \/>\n<meta name=\"twitter:card\" content=\"summary_large_image\" \/>\n<meta name=\"twitter:title\" content=\"Famisanar\" \/>\n<meta name=\"twitter:description\" content=\"\u00a1Somos tu aliado para cada momento! Estar cerca de ti es lo que nos inspira\" \/>\n<meta name=\"twitter:image\" content=\"https:\/\/especiales.publimetro.co\/famisanar\/wp-content\/uploads\/2023\/06\/bg_redes.jpg\" \/>\n<meta name=\"twitter:label1\" content=\"Tiempo estimado de lectura\" \/>\n\t<meta name=\"twitter:data1\" content=\"3 minutos\" \/>\n<!-- \/ Yoast SEO plugin. -->","yoast_head_json":{"title":"Famisanar","description":"\u00a1Somos tu aliado para cada momento! Estar cerca de ti es lo que nos inspira","robots":{"index":"index","follow":"follow","max-snippet":"max-snippet:-1","max-image-preview":"max-image-preview:large","max-video-preview":"max-video-preview:-1"},"canonical":"https:\/\/especiales.publimetro.co\/famisanar\/","og_locale":"es_ES","og_type":"article","og_title":"Famisanar","og_description":"\u00a1Somos tu aliado para cada momento! Estar cerca de ti es lo que nos inspira","og_url":"https:\/\/especiales.publimetro.co\/famisanar\/","og_site_name":"Famisanar","article_modified_time":"2023-06-28T21:38:13+00:00","og_image":[{"width":540,"height":282,"url":"https:\/\/especiales.publimetro.co\/famisanar\/wp-content\/uploads\/2023\/06\/bg_redes.jpg","type":"image\/jpeg"}],"twitter_card":"summary_large_image","twitter_title":"Famisanar","twitter_description":"\u00a1Somos tu aliado para cada momento! Estar cerca de ti es lo que nos inspira","twitter_image":"https:\/\/especiales.publimetro.co\/famisanar\/wp-content\/uploads\/2023\/06\/bg_redes.jpg","twitter_misc":{"Tiempo estimado de lectura":"3 minutos"},"schema":{"@context":"https:\/\/schema.org","@graph":[{"@type":"WebPage","@id":"https:\/\/especiales.publimetro.co\/famisanar\/","url":"https:\/\/especiales.publimetro.co\/famisanar\/","name":"Famisanar","isPartOf":{"@id":"https:\/\/especiales.publimetro.co\/famisanar\/#website"},"datePublished":"2023-06-23T00:45:29+00:00","dateModified":"2023-06-28T21:38:13+00:00","description":"\u00a1Somos tu aliado para cada momento! Estar cerca de ti es lo que nos inspira","breadcrumb":{"@id":"https:\/\/especiales.publimetro.co\/famisanar\/#breadcrumb"},"inLanguage":"es-CO","potentialAction":[{"@type":"ReadAction","target":["https:\/\/especiales.publimetro.co\/famisanar\/"]}]},{"@type":"BreadcrumbList","@id":"https:\/\/especiales.publimetro.co\/famisanar\/#breadcrumb","itemListElement":[{"@type":"ListItem","position":1,"name":"Inicio","item":"https:\/\/especiales.publimetro.co\/famisanar\/"},{"@type":"ListItem","position":2,"name":"Home Default"}]},{"@type":"WebSite","@id":"https:\/\/especiales.publimetro.co\/famisanar\/#website","url":"https:\/\/especiales.publimetro.co\/famisanar\/","name":"Famisanar","description":"","potentialAction":[{"@type":"SearchAction","target":{"@type":"EntryPoint","urlTemplate":"https:\/\/especiales.publimetro.co\/famisanar\/?s={search_term_string}"},"query-input":"required name=search_term_string"}],"inLanguage":"es-CO"}]}},"_links":{"self":[{"href":"https:\/\/especiales.publimetro.co\/famisanar\/wp-json\/wp\/v2\/pages\/21557","targetHints":{"allow":["GET"]}}],"collection":[{"href":"https:\/\/especiales.publimetro.co\/famisanar\/wp-json\/wp\/v2\/pages"}],"about":[{"href":"https:\/\/especiales.publimetro.co\/famisanar\/wp-json\/wp\/v2\/types\/page"}],"author":[{"embeddable":true,"href":"https:\/\/especiales.publimetro.co\/famisanar\/wp-json\/wp\/v2\/users\/1"}],"replies":[{"embeddable":true,"href":"https:\/\/especiales.publimetro.co\/famisanar\/wp-json\/wp\/v2\/comments?post=21557"}],"version-history":[{"count":86,"href":"https:\/\/especiales.publimetro.co\/famisanar\/wp-json\/wp\/v2\/pages\/21557\/revisions"}],"predecessor-version":[{"id":21794,"href":"https:\/\/especiales.publimetro.co\/famisanar\/wp-json\/wp\/v2\/pages\/21557\/revisions\/21794"}],"wp:featuredmedia":[{"embeddable":true,"href":"https:\/\/especiales.publimetro.co\/famisanar\/wp-json\/wp\/v2\/media\/21583"}],"wp:attachment":[{"href":"https:\/\/especiales.publimetro.co\/famisanar\/wp-json\/wp\/v2\/media?parent=21557"}],"curies":[{"name":"wp","href":"https:\/\/api.w.org\/{rel}","templated":true}]}}